)/((-6)/(-240)*8). Suppose w = j*p - 14156, -3*p + 0*w = -3*w - 8496. Is p a prime number?
False
Is (-1558026)/(-101) - -13*1 composite?
False
Is 268961/44 - (15/(-12))/5 prime?
True
Let m be 6/14 + (-24)/7. Let b(w) = -115*w + 2. Let l(a) = 1. Let j(f) = b(f) + 6*l(f). Is j(m) a prime number?
True
Let d = 1061 - 742. Is d a prime number?
False
Let u(q) = -18*q**3 - 2*q**2 - 5*q + 10. Is u(-3) prime?
False
Let r = -1602 + 4991. Is r composite?
False
Let x = -556 - -3017. Is x a prime number?
False
Let z be 4/(-16) - (-25)/4. Suppose z*f - 2*f + 3*u - 109 = 0, -u = f - 26. Is f prime?
True
Suppose -l - 7 = 3*p, -4*l + 14 = -2*p - 0*p. Suppose -3*u + l*r = 8, u + 2*u = r - 4. Suppose u = 3*d - 12, 5*o + 4*d - 31 = -0*o. Is o composite?
False
Suppose t + l + 591 = 0, 0 = -4*l + 4. Let q = 555 - t. Is q composite?
True
Suppose -4*g + 2680 - 17579 = -5*d, -20 = -5*g. Is d a composite number?
True
Suppose 2*c + 4*f = 2110, -4*c + c - 3*f = -3153. Suppose 7*a - 4154 - c = 0. Is a a composite number?
False
Suppose -2*x + 2*f = -6*x, -5*f = 5*x + 10. Let b(a) = 0*a**x + 3*a - 3*a**2 + 7*a**2 - 7*a**3 + 1. Is b(-2) composite?
False
Suppose 7 = -4*w - 9, w = 4*v - 12. Let y(f) = 1 + 31*f**2 - 11*f**2 - 12*f**v - f + 39*f**2. Is y(-3) composite?
True
Suppose 3*k - k + 4*c + 2 = 0, -13 = 4*k - c. Is (2 + k)*(5 + -268) a composite number?
False
Let b be (-2 + 5 - 5) + 47. Let j = 91 + b. Suppose 190 = 2*o - j. Is o composite?
False
Suppose 0 = -235*t + 230*t + 25. Suppose u + 4*w - 693 = 0, 1590 = t*u - 3*w - 1760. Is u composite?
False
Suppose -4*i = -8*m + 3*m - 49, -4*m - 68 = 4*i. Let u be (m/3 - 2)*9. Is 1/(168/u + 3) composite?
False
Let p = -70 - -72. Suppose g + p = 1089. Is g a prime number?
True
Let m be (-1232)/126 + 2/(-9). Let h = 16 + m. Is (2 - 61)*(-6)/h prime?
True
Suppose 3*r - 6*r = 9. Suppose 0 = 2*i - 5*l - 141, -i - 8 = 5*l - 41. Is (-9)/r*i/3 composite?
True
Is 16/48 - (-28626)/9 a composite number?
False
Let t(f) = 2*f**2 - 5*f - 5. Let p be t(-14). Suppose -2*h - 51 = -p. Is h a composite number?
True
Let t be (-6)/9 - (-161)/3. Is (t/3)/(3 + (-464)/156) composite?
True
Suppose -4*u = 2*f - 674, -4*f - u - u = -1378. Suppose -5*w + f = 67. Is w/(-12)*(-267)/2 a composite number?
True
Suppose -211*f - 60704 = -243*f. Is f prime?
False
Suppose -5*r + r = -128. Let h = r - 107. Let g = h + 114. Is g composite?
True
Let l = -771 + -487. Suppose 12951 = -21*c - 2568. Let j = c - l. Is j prime?
False
Let n(f) = -f + 8. Let r be (-2)/(-6) - (-46)/6. Let h be n(r). Suppose -s = -h*s + 4*a - 237, -1075 = -5*s + 2*a. Is s prime?
False
Is ((-6)/(-4))/(-7 + (-706922)/(-100988)) prime?
True
Suppose -5*z = -5*b - 3560, 0 = 2*b - 1 + 5. Suppose 0 = 3*l - z + 47. Is l composite?
True
Suppose -l + z = 2, -5*l + z = -0*z - 6. Suppose -2*m + 332 = 2*b, 0*m + 317 = l*b - m. Is b prime?
False
Suppose 5*o - 5*q - 17059 = -749, -5*o + 3*q + 16304 = 0. Is o a prime number?
True
Let m = -747 - -1280. Is m composite?
True
Suppose 2*r - 28 = -2*d, -r = -5*r + 2*d + 44. Let o(k) = 2*k**2 + 4*k - 5. Is o(r) composite?
False
Suppose 14555 = 4*b + 3*q, 2*b - 10365 = q - 3080. Is b prime?
False
Let q(g) = 6*g**3 - 13*g**2 - 2*g - 14. Let j(u) = u**3 - u**2 + u - 1. Let b(m) = -5*j(m) + q(m). Let f be b(9). Is 6 - f - (-2 + -336) prime?
False
Is (-27)/(-6)*(4960/24 + -2) a composite number?
True
Let x(k) = 3186*k**2 + 93*k + 17. Is x(8) prime?
False
Let q = 13 + 8. Let p = q + 74. Is p composite?
True
Suppose -4*x = v - 2252 + 242, 3*x = v + 1511. Is x prime?
True
Suppose 3*g + 2*w - 4087 = 6*w, 0 = w - 5. Is g composite?
True
Let k(b) be the third derivative of -b**5/60 + b**4/24 - 5*b**3/6 + 11*b**2. Let c be k(0). Let p(s) = -227*s + 6. Is p(c) prime?
False
Let r be -2 + (0 - 0)/3. Let i be -2*(-1 + 1/r). Suppose -g + i*l = -27, g + 5*l + 155 = 6*g. Is g a composite number?
True
Let g = -34 + 36. Suppose g*p - 7216 + 1530 = 0. Is p a composite number?
False
Let v(y) = -26*y**2 - 2*y - 37. Let u(o) = -25*o**2 - o - 36. Let g(b) = -6*u(b) + 5*v(b). Is g(16) a prime number?
True
Suppose -13*x + 10*x + 3579 = 0. Is x composite?
False
Suppose -16 = -8*y + 4*y. Suppose 3*z = y*d - 225, 3*z = 3*d - 2*z - 155. Suppose d = 6*v - 2*v. Is v composite?
True
Let b be (-5)/((-15)/(-37098)) - -4. Is b/(-21) - 1/(-3) composite?
True
Let x(o) = -o**3 + 6*o**2 - 4*o - 4. Let m be x(4). Let j = -12 + m. Suppose 3*w - 4*w + 34 = j. Is w composite?
True
Let s(t) = -144*t - 101. Is s(-7) prime?
True
Suppose 5*d - 2*l = 612, -2*d + d = -2*l - 124. Suppose -d = -v + 387. Is v prime?
True
Is 1*-15506*(-31)/62 a prime number?
True
Let t(u) = u**3 + 21*u**2 + 21*u + 22. Let l be t(-20). Suppose 3*z + 0*p - 7308 = -3*p, l*z = 4*p + 4878. Is z composite?
False
Let n(j) = 17*j**2 - 10*j - 26. Suppose 0*z = -2*z - 10. Is n(z) composite?
False
Is (-5 - -4)/(6/(-582) + 0) a prime number?
True
Suppose -2*t - p - 133 = -4*t, -p = 2*t - 143. Let r = 0 + 148. Let i = r - t. Is i prime?
True
Let h be 1346/(-9)*5 + (-34)/153. Let n = h + 1425. Is n composite?
False
Let d = 47918 - 16813. Is d a composite number?
True
Is (-289008)/(-10) - ((-63)/(-45))/(-7) a prime number?
True
Let m(d) = -3*d**3 + 11*d**2 - 5*d + 7. Let g(y) = -8*y**3 + 32*y**2 - 14*y + 22. Let l(o) = -6*g(o) + 17*m(o). Is l(-10) a composite number?
True
Suppose 3*r + 10 = 8*r. Let g be ((-52)/8 + r)*-2. Suppose 8*j + 157 = g*j. Is j composite?
False
Suppose -v + 7 = i, -4*i - 2*v = v - 23. Suppose i*g - r = -6*r + 729, r + 1136 = 3*g. Is g a prime number?
False
Let r(g) = -1297*g - 505. Is r(-8) a composite number?
False
Let s be (-212)/(-28) - (-9)/21. Is (-3)/(-6)*s - -333 composite?
False
Let f(c) = -6*c**2 - 22*c - 38. Let n be f(-13). Is (-1)/(2/n) - (3 - 2) prime?
False
Suppose -2*i + 9294 = 1928. Is i prime?
False
Let r = 14571 - 8572. Is r composite?
True
Suppose 2*l = 2 + 2. Suppose 0*g + g + l*i = 267, -1003 = -4*g + 5*i. Is g prime?
True
Suppose -7*c + 9677 = -6*c. Is c a prime number?
True
Let y(z) = 745*z**2 + z. Let o be y(-1). Suppose 3*p - o = 36. Let u = p - 133. Is u prime?
True
Let j(m) = -m**2 + m + 331. Let i(k) = k**3 + 5*k**2 + 6*k + 2. Let l be i(-5). Let g = l - -28. Is j(g) a prime number?
True
Is 1*(6 - 3)*486011/87 a prime number?
True
Let c(t) = -t**3 - 8*t**2 - 4*t + 23. Let v be c(-7). Suppose -2*x + 4*k - 5*k + 4125 = 0, 5*x + v*k = 10312. Is x a composite number?
True
Let y = 35 - 35. Suppose y = -13*q + 643 + 3166. Is q composite?
False
Suppose 243*l = 251*l - 365128. Is l a prime number?
True
Suppose 1380*c + 98673 = 1383*c. Is c prime?
False
Suppose 0 = -u - 2*w + 2 + 11, 77 = 5*u + 4*w. Let d = u + -13. Suppose 0*y - 1292 = -d*y. Is y a prime number?
False
Suppose 4*w - 5*q - 6397 = 0, -3*w + 2*q + 2400 + 2389 = 0. Let l = -595 + w. Suppose -r - r = -l. Is r prime?
True
Let d = -21 + 27. Suppose -k + y + 2 + d = 0, 3*y + 6 = -3*k. Suppose k*x = -2*i + 31, -73 = 5*x - 10*x + 2*i. Is x composite?
False
Let o be ((-6)/3)/(1/(-2)). Suppose -5*m = p + 2*p - 2226, -o*p = 2*m - 2954. Is p prime?
False
Let y be (-3)/6*6 + 14. Is (74/4)/(y/66) a composite number?
True
Let b(a) = -a**2 + 23*a - 3. Let y be (35/(-28))/(2/(-8)). Suppose -20 = -7*t + y*t. Is b(t) a composite number?
False
Let u = -65 - -69. Suppose 0 = c + u*r - 723, -r - 34 = 2*c - 1473. Is c composite?
False
Let a = -8009 - -11302. Is a prime?
False
Let y(s) = 16*s**2 - 339*s - 11. Is y(-47) a prime number?
False
Let z = -2132 + 5290. Is z prime?
False
Suppose 3*v = -3*a - 1971, 3 = 4*v - 13. Let i = 1880 + a. Is i composite?
True
Suppose -2*q + q = 2. Let c be 255 - -6*q/4. Suppose 0 = 4*d + 5*l - 1009, 0*d - l = d - c. Is d a composite number?
False
Suppose -51*l + 614094 - 102207 = 0. Is l a composite number?
False
Let m(y) = -y**2 - 10*y + 2. Let x be m(-10). Is 1/7 + 4245/7*x a prime number?
True
Suppose 0 = 12*t + 5627 - 58415. Is t a composite number?
True
Let t be 19/(-57)*(-12)/2. Suppose 0 = -7*p + t*p + 14295. Is 2 - (-2)/(6/p) a composite number?
True
Suppose 0 = -r + 10 - 7. Suppose -315 = -r*g + 282. Is g prime?
True
Suppose j = 3*k - 0*j - 923, -4*j = 20. Let r = 173 + k. Is r a prime number?
True
Let d(l) = -4*l**3 + 6*l**2 - 4*l - 37. Is d(-7) prime?
True
Let p = 56141 - 20328. Is p a prime number?
False
Let g(u) = 3*u